{"id":123,"date":"2023-11-08T01:45:53","date_gmt":"2023-11-08T01:45:53","guid":{"rendered":"https:\/\/demo2wpopal.b-cdn.net\/karpart\/?page_id=123"},"modified":"2024-09-12T22:07:26","modified_gmt":"2024-09-12T19:07:26","slug":"about-us","status":"publish","type":"page","link":"https:\/\/ostimismakineleri.com\/index.php\/about-us\/","title":{"rendered":"Hakk\u0131m\u0131zda"},"content":{"rendered":"\t\t<div data-elementor-type=\"wp-page\" data-elementor-id=\"123\" class=\"elementor elementor-123\">\n\t\t\t\t<div class=\"elementor-element elementor-element-a92b204 e-flex e-con-boxed e-con e-parent\" data-id=\"a92b204\" data-element_type=\"container\">\n\t\t\t\t\t<div class=\"e-con-inner\">\n\t\t<div class=\"elementor-element elementor-element-15c6b18 e-con-full e-flex e-con e-child\" data-id=\"15c6b18\" data-element_type=\"container\">\n\t\t\t\t<div class=\"elementor-element elementor-element-4eb9925 elementor-widget__width-initial elementor-absolute elementor-hidden-mobile elementor-hidden-tablet elementor-hidden-mobile_extra elementor-view-default elementor-position-top elementor-mobile-position-top elementor-widget elementor-widget-icon-box\" data-id=\"4eb9925\" data-element_type=\"widget\" data-settings=\"{&quot;_position&quot;:&quot;absolute&quot;}\" data-widget_type=\"icon-box.default\">\n\t\t\t\t<div class=\"elementor-widget-container\">\n\t\t\t\t\t<div class=\"elementor-icon-box-wrapper\">\n\n\t\t\t\t\t\t<div class=\"elementor-icon-box-icon\">\n\t\t\t\t<span  class=\"elementor-icon elementor-animation-\">\n\t\t\t\t<i aria-hidden=\"true\" class=\"karpart-icon- karpart-icon-market\"><\/i>\t\t\t\t<\/span>\n\t\t\t<\/div>\n\t\t\t\n\t\t\t\t\t\t<div class=\"elementor-icon-box-content\">\n\n\t\t\t\t\t\t\t\t\t<h3 class=\"elementor-icon-box-title\">\n\t\t\t\t\t\t<span  >\n\t\t\t\t\t\t\t23\t\t\t\t\t\t<\/span>\n\t\t\t\t\t<\/h3>\n\t\t\t\t\n\t\t\t\t\t\t\t\t\t<p class=\"elementor-icon-box-description\">\n\t\t\t\t\t\tY\u0131ll\u0131k <br>\nTecr\u00fcbe\t\t\t\t\t<\/p>\n\t\t\t\t\n\t\t\t<\/div>\n\t\t\t\n\t\t<\/div>\n\t\t\t\t<\/div>\n\t\t\t\t<\/div>\n\t\t\t\t<div class=\"elementor-element elementor-element-f8500ee elementor-widget elementor-widget-image\" data-id=\"f8500ee\" data-element_type=\"widget\" data-widget_type=\"image.default\">\n\t\t\t\t<div class=\"elementor-widget-container\">\n\t\t\t\t\t\t\t\t\t\t\t\t\t<img fetchpriority=\"high\" decoding=\"async\" width=\"2560\" height=\"1536\" src=\"https:\/\/ostimismakineleri.com\/wp-content\/uploads\/2024\/09\/IMG_20170410_144606-Kopya-scaled.jpg\" class=\"attachment-full size-full wp-image-8171\" alt=\"\" srcset=\"https:\/\/ostimismakineleri.com\/wp-content\/uploads\/2024\/09\/IMG_20170410_144606-Kopya-scaled.jpg 2560w, https:\/\/ostimismakineleri.com\/wp-content\/uploads\/2024\/09\/IMG_20170410_144606-Kopya-300x180.jpg 300w, https:\/\/ostimismakineleri.com\/wp-content\/uploads\/2024\/09\/IMG_20170410_144606-Kopya-1024x614.jpg 1024w, https:\/\/ostimismakineleri.com\/wp-content\/uploads\/2024\/09\/IMG_20170410_144606-Kopya-768x461.jpg 768w, https:\/\/ostimismakineleri.com\/wp-content\/uploads\/2024\/09\/IMG_20170410_144606-Kopya-1536x922.jpg 1536w, https:\/\/ostimismakineleri.com\/wp-content\/uploads\/2024\/09\/IMG_20170410_144606-Kopya-2048x1229.jpg 2048w\" sizes=\"(max-width: 2560px) 100vw, 2560px\" \/>\t\t\t\t\t\t\t\t\t\t\t\t\t<\/div>\n\t\t\t\t<\/div>\n\t\t\t\t<\/div>\n\t\t<div class=\"elementor-element elementor-element-d77746d e-con-full e-flex e-con e-child\" data-id=\"d77746d\" data-element_type=\"container\">\n\t\t\t\t<div class=\"elementor-element elementor-element-a272b9c elementor-widget elementor-widget-text-editor\" data-id=\"a272b9c\" data-element_type=\"widget\" data-widget_type=\"text-editor.default\">\n\t\t\t\t<div class=\"elementor-widget-container\">\n\t\t\t\t\t\t\t<div>Biz Kimiz?<\/div>\t\t\t\t\t\t<\/div>\n\t\t\t\t<\/div>\n\t\t\t\t<div class=\"elementor-element elementor-element-2aa217a elementor-widget elementor-widget-heading\" data-id=\"2aa217a\" data-element_type=\"widget\" data-widget_type=\"heading.default\">\n\t\t\t\t<div class=\"elementor-widget-container\">\n\t\t\t<h2 class=\"elementor-heading-title elementor-size-default\">Biz i\u015f makinelerinin par\u00e7alar\u0131 ve aksesuarlar\u0131 konusunda uzmanla\u015fm\u0131\u015f bir perakende i\u015fletmesiyiz\n<\/h2>\t\t<\/div>\n\t\t\t\t<\/div>\n\t\t\t\t<div class=\"elementor-element elementor-element-d7b0aed elementor-widget elementor-widget-text-editor\" data-id=\"d7b0aed\" data-element_type=\"widget\" data-widget_type=\"text-editor.default\">\n\t\t\t\t<div class=\"elementor-widget-container\">\n\t\t\t\t\t\t\t<p>\u0130\u015f makineleri ve a\u011f\u0131r sanayi sekt\u00f6rlerinin ihtiya\u00e7 duydu\u011fu yedek par\u00e7a ve aksesuarlar konusunda uzmanla\u015fm\u0131\u015f bir perakende i\u015fletmesiyiz. Y\u0131llar\u0131n verdi\u011fi tecr\u00fcbe ve bilgi birikimiyle, m\u00fc\u015fterilerimize en kaliteli ve g\u00fcvenilir \u00fcr\u00fcnleri sunarak, i\u015f makinelerinin performans\u0131n\u0131 ve verimlili\u011fini art\u0131rmay\u0131 hedefliyoruz.<\/p><p>\u0130\u015f makinelerinin sorunsuz \u00e7al\u0131\u015fmas\u0131n\u0131 sa\u011flamak i\u00e7in geni\u015f bir yedek par\u00e7a ve aksesuar yelpazesi sunuyoruz. \u00dcr\u00fcn gam\u0131m\u0131zda, en iyi kaliteye sahip orijinal ve alternatif par\u00e7alar yer al\u0131rken, her bir \u00fcr\u00fcn titizlikle se\u00e7ilerek m\u00fc\u015fterilerimizin ihtiya\u00e7lar\u0131na uygun \u00e7\u00f6z\u00fcmler sunulmaktad\u0131r.<\/p><p>M\u00fc\u015fteri memnuniyetini en \u00f6n planda tutarak, h\u0131zl\u0131 teslimat, teknik destek ve sat\u0131\u015f sonras\u0131 hizmetlerle fark yarat\u0131yoruz. \u0130\u015f ortaklar\u0131m\u0131z\u0131n i\u015f s\u00fcre\u00e7lerini kesintisiz ve verimli bir \u015fekilde s\u00fcrd\u00fcrmelerine yard\u0131mc\u0131 olmay\u0131 kendimize g\u00f6rev edindik.<\/p><p>Yenilik\u00e7i yakla\u015f\u0131m\u0131m\u0131z ve sekt\u00f6rel tecr\u00fcbemiz ile i\u015f makinelerinin performans\u0131n\u0131 art\u0131ran \u00e7\u00f6z\u00fcmler sunmaya devam ediyoruz. Amac\u0131m\u0131z, i\u015f makineleri sekt\u00f6r\u00fcnde g\u00fcvenilir ve tercih edilen bir marka olarak hizmet vermek ve her ge\u00e7en g\u00fcn b\u00fcy\u00fcyen m\u00fc\u015fteri a\u011f\u0131m\u0131za en iyi hizmeti sunmakt\u0131r.<\/p><p>Gelin, i\u015finizi daha ileriye ta\u015f\u0131yacak \u00e7\u00f6z\u00fcmlerimizle tan\u0131\u015f\u0131n!<\/p>\t\t\t\t\t\t<\/div>\n\t\t\t\t<\/div>\n\t\t<div class=\"elementor-element elementor-element-baf2236 e-con-full e-flex e-con e-child\" data-id=\"baf2236\" data-element_type=\"container\">\n\t\t<div class=\"elementor-element elementor-element-2269b86 e-con-full e-flex e-con e-child\" data-id=\"2269b86\" data-element_type=\"container\">\n\t\t\t\t<\/div>\n\t\t<div class=\"elementor-element elementor-element-1b3a0ae e-con-full e-flex e-con e-child\" data-id=\"1b3a0ae\" data-element_type=\"container\">\n\t\t<div class=\"elementor-element elementor-element-24adbf2 e-con-full e-flex e-con e-child\" data-id=\"24adbf2\" data-element_type=\"container\">\n\t\t\t\t<div class=\"elementor-element elementor-element-8133b7f elementor-widget elementor-widget-image\" data-id=\"8133b7f\" data-element_type=\"widget\" data-widget_type=\"image.default\">\n\t\t\t\t<div class=\"elementor-widget-container\">\n\t\t\t\t\t\t\t\t\t\t\t\t\t<img decoding=\"async\" width=\"51\" height=\"51\" src=\"https:\/\/ostimismakineleri.com\/wp-content\/uploads\/2023\/11\/avatar2.png\" class=\"attachment-full size-full wp-image-1630\" alt=\"\" \/>\t\t\t\t\t\t\t\t\t\t\t\t\t<\/div>\n\t\t\t\t<\/div>\n\t\t\t\t<div class=\"elementor-element elementor-element-2695cb7 elementor-widget elementor-widget-image\" data-id=\"2695cb7\" data-element_type=\"widget\" data-widget_type=\"image.default\">\n\t\t\t\t<div class=\"elementor-widget-container\">\n\t\t\t\t\t\t\t\t\t\t\t\t\t<img decoding=\"async\" width=\"51\" height=\"51\" src=\"https:\/\/ostimismakineleri.com\/wp-content\/uploads\/2023\/11\/avatar3.png\" class=\"attachment-full size-full wp-image-1631\" alt=\"\" \/>\t\t\t\t\t\t\t\t\t\t\t\t\t<\/div>\n\t\t\t\t<\/div>\n\t\t\t\t<div class=\"elementor-element elementor-element-7777b4e elementor-widget elementor-widget-image\" data-id=\"7777b4e\" data-element_type=\"widget\" data-widget_type=\"image.default\">\n\t\t\t\t<div class=\"elementor-widget-container\">\n\t\t\t\t\t\t\t\t\t\t\t\t\t<img loading=\"lazy\" decoding=\"async\" width=\"51\" height=\"51\" src=\"https:\/\/ostimismakineleri.com\/wp-content\/uploads\/2023\/11\/avatar4.png\" class=\"attachment-full size-full wp-image-1632\" alt=\"\" \/>\t\t\t\t\t\t\t\t\t\t\t\t\t<\/div>\n\t\t\t\t<\/div>\n\t\t\t\t<\/div>\n\t\t\t\t<div class=\"elementor-element elementor-element-02ee4ac elementor-widget elementor-widget-counter\" data-id=\"02ee4ac\" data-element_type=\"widget\" data-widget_type=\"counter.default\">\n\t\t\t\t<div class=\"elementor-widget-container\">\n\t\t\t\t\t<div class=\"elementor-counter\">\n\t\t\t<div class=\"elementor-counter-title\">Mutlu \u0130nsan<\/div>\t\t\t<div class=\"elementor-counter-number-wrapper\">\n\t\t\t\t<span class=\"elementor-counter-number-prefix\"><\/span>\n\t\t\t\t<span class=\"elementor-counter-number\" data-duration=\"2000\" data-to-value=\"150\" data-from-value=\"0\" data-delimiter=\",\">0<\/span>\n\t\t\t\t<span class=\"elementor-counter-number-suffix\">Bin<\/span>\n\t\t\t<\/div>\n\t\t<\/div>\n\t\t\t\t<\/div>\n\t\t\t\t<\/div>\n\t\t\t\t<\/div>\n\t\t\t\t<\/div>\n\t\t\t\t<\/div>\n\t\t\t\t\t<\/div>\n\t\t\t\t<\/div>\n\t\t<div class=\"elementor-element elementor-element-209d557 e-flex e-con-boxed e-con e-parent\" data-id=\"209d557\" data-element_type=\"container\">\n\t\t\t\t\t<div class=\"e-con-inner\">\n\t\t<div class=\"elementor-element elementor-element-15ade49 e-con-full e-flex e-con e-child\" data-id=\"15ade49\" data-element_type=\"container\">\n\t\t\t\t<div class=\"elementor-element elementor-element-71d297b elementor-widget elementor-widget-text-editor\" data-id=\"71d297b\" data-element_type=\"widget\" data-widget_type=\"text-editor.default\">\n\t\t\t\t<div class=\"elementor-widget-container\">\n\t\t\t\t\t\t\t<p>Neden Bizi Se\u00e7melisiniz<\/p>\t\t\t\t\t\t<\/div>\n\t\t\t\t<\/div>\n\t\t\t\t<div class=\"elementor-element elementor-element-c13f0ad elementor-widget elementor-widget-heading\" data-id=\"c13f0ad\" data-element_type=\"widget\" data-widget_type=\"heading.default\">\n\t\t\t\t<div class=\"elementor-widget-container\">\n\t\t\t<h2 class=\"elementor-heading-title elementor-size-default\">Bizimle i\u015fbirli\u011fi yapman\u0131z i\u00e7in nedenler\n<\/h2>\t\t<\/div>\n\t\t\t\t<\/div>\n\t\t<div class=\"elementor-element elementor-element-1c78b68 e-grid e-con-full e-con e-child\" data-id=\"1c78b68\" data-element_type=\"container\" data-settings=\"{&quot;background_background&quot;:&quot;classic&quot;}\">\n\t\t<div class=\"elementor-element elementor-element-9e38085 e-con-full e-flex e-con e-child\" data-id=\"9e38085\" data-element_type=\"container\" data-settings=\"{&quot;background_background&quot;:&quot;classic&quot;}\">\n\t\t\t\t<div class=\"elementor-element elementor-element-fb13d02 elementor-view-default elementor-position-top elementor-mobile-position-top elementor-widget elementor-widget-icon-box\" data-id=\"fb13d02\" data-element_type=\"widget\" data-widget_type=\"icon-box.default\">\n\t\t\t\t<div class=\"elementor-widget-container\">\n\t\t\t\t\t<div class=\"elementor-icon-box-wrapper\">\n\n\t\t\t\t\t\t<div class=\"elementor-icon-box-icon\">\n\t\t\t\t<span  class=\"elementor-icon elementor-animation-\">\n\t\t\t\t<i aria-hidden=\"true\" class=\"karpart-icon- karpart-icon-suspension\"><\/i>\t\t\t\t<\/span>\n\t\t\t<\/div>\n\t\t\t\n\t\t\t\t\t\t<div class=\"elementor-icon-box-content\">\n\n\t\t\t\t\t\t\t\t\t<h5 class=\"elementor-icon-box-title\">\n\t\t\t\t\t\t<span  >\n\t\t\t\t\t\t\tYedek Par\u00e7a\t\t\t\t\t\t<\/span>\n\t\t\t\t\t<\/h5>\n\t\t\t\t\n\t\t\t\t\t\t\t\t\t<p class=\"elementor-icon-box-description\">\n\t\t\t\t\t\tBug\u00fcn katalo\u011fumuzda farkl\u0131 markalara ait 10 milyondan fazla farkl\u0131 ara\u00e7 par\u00e7as\u0131 yer almaktad\u0131r.\n\t\t\t\t\t<\/p>\n\t\t\t\t\n\t\t\t<\/div>\n\t\t\t\n\t\t<\/div>\n\t\t\t\t<\/div>\n\t\t\t\t<\/div>\n\t\t\t\t<div class=\"elementor-element elementor-element-839fc42 elementor-absolute elementor-widget elementor-widget-heading\" data-id=\"839fc42\" data-element_type=\"widget\" data-settings=\"{&quot;_position&quot;:&quot;absolute&quot;}\" data-widget_type=\"heading.default\">\n\t\t\t\t<div class=\"elementor-widget-container\">\n\t\t\t<h2 class=\"elementor-heading-title elementor-size-default\">01<\/h2>\t\t<\/div>\n\t\t\t\t<\/div>\n\t\t\t\t<\/div>\n\t\t<div class=\"elementor-element elementor-element-e4bdd8b e-con-full e-flex e-con e-child\" data-id=\"e4bdd8b\" data-element_type=\"container\" data-settings=\"{&quot;background_background&quot;:&quot;classic&quot;}\">\n\t\t\t\t<div class=\"elementor-element elementor-element-e3d1015 elementor-view-default elementor-position-top elementor-mobile-position-top elementor-widget elementor-widget-icon-box\" data-id=\"e3d1015\" data-element_type=\"widget\" data-widget_type=\"icon-box.default\">\n\t\t\t\t<div class=\"elementor-widget-container\">\n\t\t\t\t\t<div class=\"elementor-icon-box-wrapper\">\n\n\t\t\t\t\t\t<div class=\"elementor-icon-box-icon\">\n\t\t\t\t<span  class=\"elementor-icon elementor-animation-\">\n\t\t\t\t<i aria-hidden=\"true\" class=\"karpart-icon- karpart-icon-box\"><\/i>\t\t\t\t<\/span>\n\t\t\t<\/div>\n\t\t\t\n\t\t\t\t\t\t<div class=\"elementor-icon-box-content\">\n\n\t\t\t\t\t\t\t\t\t<h5 class=\"elementor-icon-box-title\">\n\t\t\t\t\t\t<span  >\n\t\t\t\t\t\t\tSorunsuz Kargo\t\t\t\t\t\t<\/span>\n\t\t\t\t\t<\/h5>\n\t\t\t\t\n\t\t\t\t\t\t\t\t\t<p class=\"elementor-icon-box-description\">\n\t\t\t\t\t\tSadece sekt\u00f6r\u00fcn lider \u00fcreticilerinden tedarik edilen birinci s\u0131n\u0131f sat\u0131\u015f sonras\u0131 i\u015f makineleri yedek par\u00e7alar\u0131.\n\t\t\t\t\t<\/p>\n\t\t\t\t\n\t\t\t<\/div>\n\t\t\t\n\t\t<\/div>\n\t\t\t\t<\/div>\n\t\t\t\t<\/div>\n\t\t\t\t<div class=\"elementor-element elementor-element-1c8e803 elementor-absolute elementor-widget elementor-widget-heading\" data-id=\"1c8e803\" data-element_type=\"widget\" data-settings=\"{&quot;_position&quot;:&quot;absolute&quot;}\" data-widget_type=\"heading.default\">\n\t\t\t\t<div class=\"elementor-widget-container\">\n\t\t\t<h2 class=\"elementor-heading-title elementor-size-default\">02<\/h2>\t\t<\/div>\n\t\t\t\t<\/div>\n\t\t\t\t<\/div>\n\t\t<div class=\"elementor-element elementor-element-2838d8a e-con-full e-flex e-con e-child\" data-id=\"2838d8a\" data-element_type=\"container\" data-settings=\"{&quot;background_background&quot;:&quot;classic&quot;}\">\n\t\t\t\t<div class=\"elementor-element elementor-element-5e92e90 elementor-view-default elementor-position-top elementor-mobile-position-top elementor-widget elementor-widget-icon-box\" data-id=\"5e92e90\" data-element_type=\"widget\" data-widget_type=\"icon-box.default\">\n\t\t\t\t<div class=\"elementor-widget-container\">\n\t\t\t\t\t<div class=\"elementor-icon-box-wrapper\">\n\n\t\t\t\t\t\t<div class=\"elementor-icon-box-icon\">\n\t\t\t\t<span  class=\"elementor-icon elementor-animation-\">\n\t\t\t\t<i aria-hidden=\"true\" class=\"karpart-icon- karpart-icon-brake-disc\"><\/i>\t\t\t\t<\/span>\n\t\t\t<\/div>\n\t\t\t\n\t\t\t\t\t\t<div class=\"elementor-icon-box-content\">\n\n\t\t\t\t\t\t\t\t\t<h5 class=\"elementor-icon-box-title\">\n\t\t\t\t\t\t<span  >\n\t\t\t\t\t\t\tGeni\u015f Se\u00e7im\t\t\t\t\t\t<\/span>\n\t\t\t\t\t<\/h5>\n\t\t\t\t\n\t\t\t\t\t\t\t\t\t<p class=\"elementor-icon-box-description\">\n\t\t\t\t\t\tT\u00fcm onar\u0131m ihtiya\u00e7lar\u0131n\u0131z\u0131 kar\u015f\u0131lamak i\u00e7in 2500000'den fazla OEM tarz\u0131 kaliteli i\u015f makineleri par\u00e7as\u0131 sunuyoruz.\n\t\t\t\t\t<\/p>\n\t\t\t\t\n\t\t\t<\/div>\n\t\t\t\n\t\t<\/div>\n\t\t\t\t<\/div>\n\t\t\t\t<\/div>\n\t\t\t\t<div class=\"elementor-element elementor-element-5458344 elementor-absolute elementor-widget elementor-widget-heading\" data-id=\"5458344\" data-element_type=\"widget\" data-settings=\"{&quot;_position&quot;:&quot;absolute&quot;}\" data-widget_type=\"heading.default\">\n\t\t\t\t<div class=\"elementor-widget-container\">\n\t\t\t<h2 class=\"elementor-heading-title elementor-size-default\">03<\/h2>\t\t<\/div>\n\t\t\t\t<\/div>\n\t\t\t\t<\/div>\n\t\t<div class=\"elementor-element elementor-element-77083c8 e-con-full e-flex e-con e-child\" data-id=\"77083c8\" data-element_type=\"container\" data-settings=\"{&quot;background_background&quot;:&quot;classic&quot;}\">\n\t\t\t\t<div class=\"elementor-element elementor-element-04082d7 elementor-view-default elementor-position-top elementor-mobile-position-top elementor-widget elementor-widget-icon-box\" data-id=\"04082d7\" data-element_type=\"widget\" data-widget_type=\"icon-box.default\">\n\t\t\t\t<div class=\"elementor-widget-container\">\n\t\t\t\t\t<div class=\"elementor-icon-box-wrapper\">\n\n\t\t\t\t\t\t<div class=\"elementor-icon-box-icon\">\n\t\t\t\t<span  class=\"elementor-icon elementor-animation-\">\n\t\t\t\t<i aria-hidden=\"true\" class=\"karpart-icon- karpart-icon-advice\"><\/i>\t\t\t\t<\/span>\n\t\t\t<\/div>\n\t\t\t\n\t\t\t\t\t\t<div class=\"elementor-icon-box-content\">\n\n\t\t\t\t\t\t\t\t\t<h5 class=\"elementor-icon-box-title\">\n\t\t\t\t\t\t<span  >\n\t\t\t\t\t\t\tUzman Tavsiyesi\t\t\t\t\t\t<\/span>\n\t\t\t\t\t<\/h5>\n\t\t\t\t\n\t\t\t\t\t\t\t\t\t<p class=\"elementor-icon-box-description\">\n\t\t\t\t\t\tTecr\u00fcbemiz ile hangi i\u015f makineleri yedek par\u00e7alar\u0131n\u0131 kullanman\u0131z gerektirdi\u011fini s\u00f6yl\u00fcyoruz.\t\t\t\t\t<\/p>\n\t\t\t\t\n\t\t\t<\/div>\n\t\t\t\n\t\t<\/div>\n\t\t\t\t<\/div>\n\t\t\t\t<\/div>\n\t\t\t\t<div class=\"elementor-element elementor-element-f3c78f0 elementor-absolute elementor-widget elementor-widget-heading\" data-id=\"f3c78f0\" data-element_type=\"widget\" data-settings=\"{&quot;_position&quot;:&quot;absolute&quot;}\" data-widget_type=\"heading.default\">\n\t\t\t\t<div class=\"elementor-widget-container\">\n\t\t\t<h2 class=\"elementor-heading-title elementor-size-default\">04<\/h2>\t\t<\/div>\n\t\t\t\t<\/div>\n\t\t\t\t<\/div>\n\t\t<div class=\"elementor-element elementor-element-f8caa2c e-con-full e-flex e-con e-child\" data-id=\"f8caa2c\" data-element_type=\"container\" data-settings=\"{&quot;background_background&quot;:&quot;classic&quot;}\">\n\t\t\t\t<div class=\"elementor-element elementor-element-5c8ee90 elementor-view-default elementor-position-top elementor-mobile-position-top elementor-widget elementor-widget-icon-box\" data-id=\"5c8ee90\" data-element_type=\"widget\" data-widget_type=\"icon-box.default\">\n\t\t\t\t<div class=\"elementor-widget-container\">\n\t\t\t\t\t<div class=\"elementor-icon-box-wrapper\">\n\n\t\t\t\t\t\t<div class=\"elementor-icon-box-icon\">\n\t\t\t\t<span  class=\"elementor-icon elementor-animation-\">\n\t\t\t\t<i aria-hidden=\"true\" class=\"karpart-icon- karpart-icon-piston\"><\/i>\t\t\t\t<\/span>\n\t\t\t<\/div>\n\t\t\t\n\t\t\t\t\t\t<div class=\"elementor-icon-box-content\">\n\n\t\t\t\t\t\t\t\t\t<h5 class=\"elementor-icon-box-title\">\n\t\t\t\t\t\t<span  >\n\t\t\t\t\t\t\t%100 Orijinal Par\u00e7alar\t\t\t\t\t\t<\/span>\n\t\t\t\t\t<\/h5>\n\t\t\t\t\n\t\t\t\t\t\t\t\t\t<p class=\"elementor-icon-box-description\">\n\t\t\t\t\t\tOstim \u0130\u015f Makinelerinden al\u0131\u015fveri\u015f yaparken i\u00e7iniz rahat olsun.\t\t\t\t\t<\/p>\n\t\t\t\t\n\t\t\t<\/div>\n\t\t\t\n\t\t<\/div>\n\t\t\t\t<\/div>\n\t\t\t\t<\/div>\n\t\t\t\t<div class=\"elementor-element elementor-element-a7506c0 elementor-absolute elementor-widget elementor-widget-heading\" data-id=\"a7506c0\" data-element_type=\"widget\" data-settings=\"{&quot;_position&quot;:&quot;absolute&quot;}\" data-widget_type=\"heading.default\">\n\t\t\t\t<div class=\"elementor-widget-container\">\n\t\t\t<h2 class=\"elementor-heading-title elementor-size-default\">06<\/h2>\t\t<\/div>\n\t\t\t\t<\/div>\n\t\t\t\t<\/div>\n\t\t\t\t<\/div>\n\t\t\t\t<div class=\"elementor-element elementor-element-a9b4bed elementor-absolute elementor-hidden-mobile elementor-widget elementor-widget-image\" data-id=\"a9b4bed\" data-element_type=\"widget\" data-settings=\"{&quot;_position&quot;:&quot;absolute&quot;}\" data-widget_type=\"image.default\">\n\t\t\t\t<div class=\"elementor-widget-container\">\n\t\t\t\t\t\t\t\t\t\t\t\t\t<img loading=\"lazy\" decoding=\"async\" width=\"527\" height=\"355\" src=\"https:\/\/ostimismakineleri.com\/wp-content\/uploads\/2023\/11\/ab-img3.jpg\" class=\"attachment-full size-full wp-image-1932\" alt=\"\" srcset=\"https:\/\/ostimismakineleri.com\/wp-content\/uploads\/2023\/11\/ab-img3.jpg 527w, https:\/\/ostimismakineleri.com\/wp-content\/uploads\/2023\/11\/ab-img3-300x202.jpg 300w\" sizes=\"(max-width: 527px) 100vw, 527px\" \/>\t\t\t\t\t\t\t\t\t\t\t\t\t<\/div>\n\t\t\t\t<\/div>\n\t\t\t\t<\/div>\n\t\t\t\t\t<\/div>\n\t\t\t\t<\/div>\n\t\t\t\t<\/div>\n\t\t","protected":false},"excerpt":{"rendered":"<p>23 Y\u0131ll\u0131k Tecr\u00fcbe Biz Kimiz? Biz i\u015f makinelerinin par\u00e7alar\u0131 ve aksesuarlar\u0131 konusunda uzmanla\u015fm\u0131\u015f bir perakende i\u015fletmesiyiz \u0130\u015f makineleri ve a\u011f\u0131r sanayi sekt\u00f6rlerinin ihtiya\u00e7 duydu\u011fu yedek par\u00e7a ve aksesuarlar konusunda uzmanla\u015fm\u0131\u015f bir perakende i\u015fletmesiyiz. Y\u0131llar\u0131n verdi\u011fi tecr\u00fcbe ve bilgi birikimiyle, m\u00fc\u015fterilerimize en kaliteli ve g\u00fcvenilir \u00fcr\u00fcnleri sunarak, i\u015f makinelerinin performans\u0131n\u0131 ve verimlili\u011fini art\u0131rmay\u0131 hedefliyoruz. \u0130\u015f makinelerinin [&hellip;]<\/p>\n","protected":false},"author":1,"featured_media":0,"parent":0,"menu_order":0,"comment_status":"closed","ping_status":"closed","template":"template-homepage.php","meta":{"om_disable_all_campaigns":false,"_monsterinsights_skip_tracking":false,"_monsterinsights_sitenote_active":false,"_monsterinsights_sitenote_note":"","_monsterinsights_sitenote_category":0,"footnotes":""},"class_list":["post-123","page","type-page","status-publish","hentry"],"aioseo_notices":[],"_links":{"self":[{"href":"https:\/\/ostimismakineleri.com\/index.php\/wp-json\/wp\/v2\/pages\/123"}],"collection":[{"href":"https:\/\/ostimismakineleri.com\/index.php\/wp-json\/wp\/v2\/pages"}],"about":[{"href":"https:\/\/ostimismakineleri.com\/index.php\/wp-json\/wp\/v2\/types\/page"}],"author":[{"embeddable":true,"href":"https:\/\/ostimismakineleri.com\/index.php\/wp-json\/wp\/v2\/users\/1"}],"replies":[{"embeddable":true,"href":"https:\/\/ostimismakineleri.com\/index.php\/wp-json\/wp\/v2\/comments?post=123"}],"version-history":[{"count":10,"href":"https:\/\/ostimismakineleri.com\/index.php\/wp-json\/wp\/v2\/pages\/123\/revisions"}],"predecessor-version":[{"id":8174,"href":"https:\/\/ostimismakineleri.com\/index.php\/wp-json\/wp\/v2\/pages\/123\/revisions\/8174"}],"wp:attachment":[{"href":"https:\/\/ostimismakineleri.com\/index.php\/wp-json\/wp\/v2\/media?parent=123"}],"curies":[{"name":"wp","href":"https:\/\/api.w.org\/{rel}","templated":true}]}}